2*z = -3*h + 148. Let o(d) = 47*d - 5. Let g be o(7). What is the units digit of g/h - (-2)/8?
7
Let n(o) = 6*o - 5. Let x be n(2). Let l be (12 - x)*(-1 + 2). Suppose 138 + 147 = l*p. What is the units digit of p?
7
Suppose 0 = 3*b + 4*z - 7346, -b - 76*z + 81*z + 2474 = 0. What is the thousands digit of b?
2
Suppose -2348 + 9608 = 10*k. What is the tens digit of k?
2
Let g = 322 + -260. What is the units digit of g?
2
Suppose -4*z + 0 - 48 = 0. Let r(j) = 16*j + 38. Let g be r(-3). What is the tens digit of 2*9/z*g?
1
Let s(l) = 10*l**2 + l + 14. What is the tens digit of s(-6)?
6
Let i(b) = 5*b - b - 4 - b**3 - 4 + 11*b**2. Suppose 8*c + 0 - 88 = 0. What is the tens digit of i(c)?
3
Let p be (12/(-9))/((-5)/15). Suppose -278 = -p*z - 0*x - 3*x, -5*z - 5*x + 350 = 0. Let g = -39 + z. What is the units digit of g?
9
Suppose 2*o = 6*o + 2*o. Suppose -2*s + 5*s - 39 = o. What is the units digit of s?
3
Suppose -6*x = -5*x - 3. Suppose 4*u = x*v + 127, -2*u + 31 + 43 = 2*v. What is the units digit of u?
4
Suppose 4*u - 5*l = 71, -2*u - 33 = -4*u + 5*l. Suppose 3*j = -7*j + 200. Suppose 0 = -t + j + u. What is the units digit of t?
9
Suppose -112 + 16 = -6*x. What is the tens digit of x?
1
Let q = 71 + 23. What is the units digit of q?
4
Suppose 0*h + 2*h - c = 16, h + 2*c - 13 = 0. Let p = -246 + 256. Suppose p + h = q. What is the units digit of q?
9
Suppose -2*v + z = 21 - 116, v - 51 = -3*z. Let r = v + -33. What is the units digit of r?
5
Suppose 0 = v + 2, -o - 2*o + 5*v = -40. Suppose -4*n = -4*i + i + 152, 0 = -2*n - o. What is the units digit of i?
4
Suppose 3*b = b. Suppose -2*v = b, -2*m + 0*v + 100 = 3*v. Suppose -k = k - m. What is the tens digit of k?
2
Suppose 8*y - 556 - 7036 = 0. What is the units digit of y?
9
Let s(z) = -z**3 + 10*z**2 + 6*z + 16. Let o be s(10). Suppose 10*f - 144 - o = 0. What is the tens digit of f?
2
Suppose 0 = -2*l - 5 - 1. What is the tens digit of l - (-1)/(4/212)?
5
Suppose -5*n + 95 = 3*b, 2*n + 3 = n - 5*b. Suppose i - 20 = -12. Let u = n + i. What is the units digit of u?
0
Let p(x) = -49*x**3 + 15*x**2 + 7*x - 3. What is the tens digit of p(-3)?
3
Suppose 0 = -3*p - 3*h + h + 2040, 4*p + 5*h = 2713. Suppose 8*x = p + 734. What is the hundreds digit of x?
1
Let l = 1 + 4. Suppose 3*a - 4*v = 33 - 7, 0 = -4*v - 20. What is the units digit of a - 1 - (-80)/l?
7
Let d = -1702 + 2539. What is the hundreds digit of d?
8
Let a = 18 - 15. Suppose -f - a = -4. What is the units digit of 18 + (2 + -3 - f)?
6
Suppose 23 = 7*t + 30. Let w(i) = -183*i**3 - 3*i**2 - 3*i - 1. What is the hundreds digit of w(t)?
1
Let q(j) = -j**2 + 4*j + 4. Let v be q(5). Let o(m) = m + 2. Let i be o(v). Suppose -d = -i, 3*d - 5*d + 12 = r. What is the units digit of r?
0
Suppose -3*m - 16*t + 12881 = -18*t, 2*m - 4*t - 8590 = 0. What is the hundreds digit of m?
2
Suppose -1896 - 6792 = -16*r. What is the hundreds digit of r?
5
Let z = 7 - 3. Let d be (-1 + z)/(21/28). Suppose 0*f - d*a = -f + 43, -3*f + 97 = -4*a. What is the units digit of f?
7
Let k(t) be the second derivative of -11*t**3/3 - 4*t**2 - 28*t. What is the tens digit of k(-5)?
0
Let i(t) = -t**2 + 38*t + 155. What is the tens digit of i(40)?
7
What is the tens digit of ((-12)/18)/(-3*6/7749)?
8
Let a = 104 + -99. Suppose r + 4*z - 235 = 0, -a*r - 4*z = -9*z - 1250. What is the units digit of r?
7
Let c(v) = 11*v - 13. Let u = 31 - 25. What is the tens digit of c(u)?
5
What is the units digit of (-11910)/(-12) - 3/(-12)*2?
3
Let x = -14 - -25. Let z = 71 - x. Suppose -2*f + 7*f - z = 0. What is the units digit of f?
2
Let o(z) = 28*z**2 - 2*z - 2. Let k be o(2). Suppose -k = -3*j - 19. What is the tens digit of j?
2
Let s(r) = -7*r**3 - 2*r**2 - 2*r + 7. What is the tens digit of s(-5)?
4
Let b be (-55)/3 + (-1)/(-3). Let n(x) = x**3 - 9*x**2 - 5*x - 12. Let g be n(10). Let i = b + g. What is the units digit of i?
0
Let y(n) = n**2 + 9*n + 20. What is the tens digit of y(0)?
2
Let i(m) = 128*m**2 - 37*m - 11. What is the units digit of i(-3)?
2
Let r be (-7)/((-7)/2811) + 3. What is the hundreds digit of 1/(-2) + r/28?
1
Let w(c) = c**3 - 10*c**2 + 8*c - 3. Let g be ((-2)/3)/((-4)/60). What is the tens digit of w(g)?
7
Let c(f) = 627*f**2 - 2. What is the units digit of c(1)?
5
Suppose 5*y = 2*o + 385, -2*y + 17*o - 18*o + 163 = 0. What is the tens digit of y?
7
Let b(g) = -g**2 - 12*g + 1. Suppose 3*o + 6 = 0, -5 = i + 4*o + 13. What is the units digit of b(i)?
1
Let w(z) = 2*z**2 + 18*z + 10. Suppose -2 = c + 6. Let x be w(c). Let i(r) = -2*r - 6. What is the units digit of i(x)?
6
Let p(m) = -m + 16. Let i be 74/12 - (-2)/(-12). Let c be p(i). What is the units digit of 425/10*12/c?
1
Let v = -17 - -21. Let q be -8*(8/v - 3). Let t = 29 - q. What is the tens digit of t?
2
Suppose -43*j + 27244 = -15*j. What is the tens digit of j?
7
Let p(f) = -f**3 - 7*f**2 + 10*f + 3. Let q be p(-8). Let c = q - -44. Let t = c - 5. What is the units digit of t?
6
Suppose r = 4*x - 100, -2*x - 5*r + 8 = -42. Suppose x = z - 90. What is the hundreds digit of z?
1
Let d(m) = -30*m**3 - 4*m**2 - 5*m - 2. What is the units digit of d(-1)?
9
What is the thousands digit of -9*(-2)/(48/4040)?
1
Suppose -2*c - 4*w = -64, 0*c = 4*c - 3*w - 150. Suppose -c*k - 163 = -37*k. What is the tens digit of k?
6
Let u = 384 - 93. What is the tens digit of u?
9
Suppose -3*f + 6 = -15. Suppose 0*g = 5*w + g + 136, 4*w + 124 = 3*g. Let l = f - w. What is the units digit of l?
5
Let u(k) = 8*k**2 - 3*k + 4. Suppose n = i + 3*i + 8, 3*i = -5*n + 17. What is the tens digit of u(n)?
2
Let b be ((-36)/42)/((-1)/(-7)). What is the hundreds digit of ((-2)/b)/((-11)/(-4587))?
1
Suppose 2*s - 4 = 20. Let i = 5 + -2. What is the units digit of 18/8 - i/s?
2
Suppose 0 = -34*x + 33*x. Suppose x*y + y = 2*q + 131, 3*y = -5*q + 382. What is the hundreds digit of y?
1
Suppose 4*y - 5*l - 2015 = 0, -4*y + 0*l + l + 2019 = 0. What is the tens digit of y?
0
Let t = 10 - -11. Suppose -g + t + 19 = 0. What is the units digit of g?
0
Suppose 3*n + 1159 = 3556. What is the hundreds digit of n?
7
Suppose -200*k + 199*k + 1342 = 0. What is the units digit of k?
2
Suppose 5*w = -s + 176 + 413, 0 = -3*w - 9. Suppose s = 13*p - 2776. What is the tens digit of p?
6
Let l(z) = 2*z**3 - 20*z**2 + z - 9. Let b be l(10). Let k = b - -11. What is the tens digit of k?
1
Let s be 1/2 + (30/4 - 3). Suppose 0 = -s*w - q + 61, -2*w - 2*q = -0*w - 26. What is the tens digit of w?
1
Suppose -15*c + 6269 = -1486. What is the hundreds digit of c?
5
Suppose 0 = -14*u + 9*u + 50. What is the tens digit of (438/18 + -1)*12/u?
2
Suppose b + 1838 = 5*u, -227 = -u - 4*b + 128. What is the units digit of u?
7
Suppose 130 = 3*o + u, 3*u + 176 = 4*o + 7*u. Let k = -24 + o. What is the tens digit of k?
1
What is the tens digit of (-1)/(5/(-490)*2)?
4
Let h = -7 - -9. Suppose -21 + 95 = h*m. What is the tens digit of m?
3
Suppose 5*z - 1156 = z. Suppose c + 4*c + 2*s = z, c + 2*s = 53. What is the tens digit of c?
5
Let f be 1963/15 + 4/30. Suppose 0 = c + 38 - f. Let w = c - 50. What is the tens digit of w?
4
Suppose 2*k - 5*r - 263 = 0, -3*r + 137 = k + 11. Suppose j = 3*o + 24, k = 5*j - 3*o - 3. What is the tens digit of j?
2
Let o(b) = 4 - 5 + 9*b + 8*b - 21*b. Let v = 3 - 10. What is the units digit of o(v)?
7
Let n = 2764 - 1519. What is the units digit of n?
5
Let o be (-6)/5*1*(-70)/4. Let i = o + 1. What is the units digit of i?
2
Let v = -897 + 587. What is the tens digit of v/(-15) + 6/(-9)?
2
Suppose -2*q - 2*g = g - 3, 4*g - 12 = -4*q. Suppose -q*o - 136 = -4*o. Let h = -30 - o. What is the units digit of h?
8
Suppose 25*w - 46700 - 85025 = 0. What is the thousands digit of w?
5
Let v = 11 + -13. Let t(g) be the second derivative of -3*g**3/2 + g**2/2 - 3*g. What is the tens digit of t(v)?
1
Suppose -3*f = -224 - 550. What is the tens digit of f?
5
Let o = 2958 - 440. What is the units digit of o?
8
Suppose 1213 = 4*b - 171. What is the tens digit of b?
4
Suppose 8*u + 48*u - 17472 = 0. What is the tens digit of u?
1
Suppose -289*p = -287*p - 2326. What is the thousands digit of p?
1
Let b(h) = h**2 - 10*h + 12. Let k be b(9). Let m(r) = r**3 + 4*r**2 - 2*r + 8. What is the tens digit of m(k)?
6
Let m = -48 + 55. Suppose -x + 3*p + 